 + 7 - 62. Give x(l).
0
Let n be -34*1 - (-6 - -2). Let b = 34 + n. Let s(d) = d**3 - d + 1. Let z(r) = -6*r**3 + 5*r**2 - 7. Let k(o) = 5*s(o) + z(o). What is k(b)?
-6
Let r(o) = 4 + 677*o**2 - 1 - 666*o**2 + o - 2. Determine r(-1).
11
Suppose d + 18 = -3*n, -n + 11*d = 15*d + 17. Let h(a) = -a**2 - 6*a - 2. Determine h(n).
3
Let o(z) be the second derivative of 5*z - 1/2*z**3 + 0 - 3*z**2. Give o(-4).
6
Let g(n) = 21*n - 13. Let l(w) = -8*w - 2 - 3*w + 4 + 5. Let v be (-54)/24*24/(-9). Let b(x) = v*g(x) + 11*l(x). Determine b(2).
9
Let h(w) = -6*w**2 - 6. Suppose 0 = -2*x - 4*x + 36. Let r(c) = -7*c**2 - c - 7. Let o(z) = x*h(z) - 5*r(z). Determine o(6).
-7
Let h(d) = -d**2 + 2*d + 18. Suppose -k + 2*v = -10, -14*k + 19*k = -v - 5. Determine h(k).
18
Suppose -c + 5 = -m + 6, 5*m - 3*c = 7. Let v(z) = 3 + 3 + 6*z**2 + z**3 - m*z + 6*z - 3. What is v(-6)?
-21
Let j(m) = -19*m**2 + 13 + 27*m**2 + 11 - 18 + m**3. What is j(-8)?
6
Let v(j) = j**2 + 7*j - 4. Let q(x) be the first derivative of x**3/3 + 7*x**2/2 - 5*x - 53. Let l(k) = -5*q(k) + 6*v(k). Determine l(-5).
-9
Let q(b) = -1. Let v(o) = o - 5. Let k(u) = 6*q(u) - 3*v(u). Let y(t) = 3*t - 8. Let i(m) = -4*k(m) - 5*y(m). Determine i(3).
-5
Suppose -2*s = -2*v - 0*v - 8, -5*s + 3*v = -24. Let p be (s/(-15))/((-2)/(-20)). Let q = p - 3. Let r(u) = u + 3. What is r(q)?
-4
Let l(v) = 7*v - 3. Let w(o) = o. Let r(g) = -l(g) + 6*w(g). Let x = 45 + -49. What is r(x)?
7
Let z = -215 + 210. Suppose 0*x - 4 = 4*x. Let g(t) = 4*t - 1. Let f(o) = -o - 1. Let p(d) = x*g(d) - 5*f(d). Give p(z).
1
Let d(b) be the first derivative of b**3/3 - 3*b**2 - 4*b - 963. Suppose 19 = 4*w + y, y = 2*y + 5. Calculate d(w).
-4
Let a(m) = -m**2 - 5*m + 2. Suppose 0 = -5*n + 5, 2*n - 16 = 4*q + 6. Give a(q).
2
Let k(p) = p**3 + 4*p**2 - 2*p - 6. Suppose -4*j + 20 = -3*t, 23*t + j = 19*t - 14. What is k(t)?
2
Let v(w) be the second derivative of -w**4/6 + 7*w**3/6 + 2*w**2 - 246*w. Give v(6).
-26
Let m(g) = g**3 - 13*g**2 - 13*g - 7. Let s be m(14). Let a(f) be the first derivative of -f**2/2 - 3*f - 22. Determine a(s).
-10
Let m be 5*((-6)/10 - 1). Let i = m - -6. Let z(f) be the first derivative of -f**3/3 - f**2 - 3*f - 2. Calculate z(i).
-3
Let v(x) be the second derivative of -x**6/720 + x**5/40 + 7*x**4/3 + 18*x. Let z(l) be the third derivative of v(l). Determine z(-6).
9
Let o(s) = -s**3 - 4*s**2 + 7*s - 10. Suppose -13 = 32*z + 179. Give o(z).
20
Suppose 25 = 3*b + q - 11, 0 = b - 3*q - 22. Let a = b - -6. Let t = a + -10. Let c(w) = 2*w - 12. What is c(t)?
6
Let g(q) = -10*q - 2. Let p(j) = 5*j + 1. Let k(r) = -3*g(r) - 5*p(r). Give k(2).
11
Let j(b) = 28 - 115*b - 4 + 60*b + 52*b. What is j(10)?
-6
Let n(b) = -b**3 - 6*b**2 - 13*b - 13. Let p be n(-4). Let v(l) = -l**2 + 8*l + 3. Calculate v(p).
10
Suppose 3*w + 45 - 12 = 0. Let k = w + 5. Let z(u) = u + 1. Let d be z(k). Let a(j) = -j**2 - 5*j - 6. Calculate a(d).
-6
Let j(k) be the third derivative of -k**4/12 + 29*k**3/6 + 121*k**2. Calculate j(15).
-1
Let z(k) = k. Let i(y) = -3*y - 1. Let h(v) = 5*v + 1. Let m(g) = 6*h(g) + 11*i(g). Let n(r) = -m(r) - 5*z(r). Determine n(6).
-7
Let g(i) = i**2 - 5*i - 4. Let c be g(5). Let a(o) = 3*o**2 - o. Let s(p) = 16*p**2 + 3. Let v(u) = 5*a(u) - s(u). Give v(c).
1
Let q be 0 + (-4 - -2) + 2. Suppose q*p = 2*p. Let c(j) = -3*j + 2. Let x(y) = y + 1. Let k(z) = -c(z) - 4*x(z). Give k(p).
-6
Let l(z) = 2*z - 13. Let h be 2/6 + (-102)/306. What is l(h)?
-13
Let w = 0 - -6. Suppose -w*z = -z. Let f(t) = -9 - t + 9 - 3 - 3*t**2 - t**3 - 5 + 4*t**2. Calculate f(z).
-8
Suppose 3*m - 131 + 11 = 0. Suppose -3 - 8 = -2*y - o, -5*y + m = 5*o. Let k(i) = -i**2 + 2*i + 3. Calculate k(y).
0
Suppose -30*l + 60 = -18*l. Let f(c) = -3*c**2 + 6*c + 6. Calculate f(l).
-39
Let g(o) = 2*o. Suppose -2*j + 4*k = 20, 5*k + 0*k - 28 = 4*j. Let f be 0 + (-12)/(-8)*j. Calculate g(f).
-6
Suppose 5*c = -y - 4*y + 100, c - 95 = -4*y. Suppose -7*v + 8*v - y = 0. Suppose -m = -6*m + v. Let s(a) = -2*a**2 + 7*a + 2. Calculate s(m).
-13
Let d(h) be the third derivative of h**5/60 + 5*h**4/24 + h**3/6 - 15*h**2 - 7. Calculate d(-4).
-3
Let c(u) = u**3 + 10*u**2 + 2*u. Let k(s) = -3*s**3 - 23*s**2 - 5*s. Let w(f) = -9*c(f) - 4*k(f). Calculate w(-1).
-3
Suppose -3*q - 2*m - 34 = -6*q, 29 = 3*q - m. Suppose 4*c = o - q + 36, 2*c = 5*o + 32. Let b(u) = -u**2 + 7*u + 6. What is b(c)?
12
Let k(p) = p. Suppose v = 13*v - 96. Let f be (-3)/9 - 49/(-3). Suppose -v = z - 3*y, f = 3*z - 0*y + y. Determine k(z).
4
Let p(o) = -12*o - 15. Let d(w) = -w - 1. Let a(s) = 30*d(s) - 2*p(s). Let q = 14 - 15. Calculate a(q).
6
Let z(r) = r + 8. Let a = 25 - 5. Let m = a + -26. Calculate z(m).
2
Let b(t) be the first derivative of 3*t**2/2 + t - 1. Let w be -3 + (5 + -3 - -2). Give b(w).
4
Suppose -z + 5*l = -16 + 1, 5*z + 2*l - 21 = 0. Let n(q) = -q**2 + 7*q - 4. Let c be n(z). Let b(t) = -t + 5. Calculate b(c).
-1
Suppose -17*v + 7 = -24*v. Let r(w) = -3*w**2 - 1. Determine r(v).
-4
Let b(c) = -c**3 + 7*c**2 - 7*c + 7. Suppose -10*j + 11*j = 6. Suppose -54 = -j*d - 3*d. Determine b(d).
1
Let x(l) = 0*l**2 + 0*l**2 - l**2 + 2 - l - l**3. Let q(v) = -22*v - 2. Let z be q(2). Let d = z - -46. Determine x(d).
2
Let f(a) = -a**3 - 6*a**2 - 6*a. Let l be f(-4). Let s be 2*4/l*-3. Suppose -13 = s*g - n, 0 = -2*g + 2*n - 4 + 2. Let m(p) = -p**2 - 5*p. Determine m(g).
-6
Let c(y) = -y**3 - 17*y**2 - 17*y - 19. Let x(p) = -p**3 + 7*p**2 - 6*p + 26. Let b be x(7). Determine c(b).
-3
Let l(i) = -4*i - 6. Suppose -h - 3*h + 4*q = 28, -4*q = 2*h + 2. Let s(t) = 3*t + 7. Let c(p) = h*s(p) - 4*l(p). What is c(6)?
-5
Let p = 22 - 18. Let y(r) = -5 + p + 6*r - r**2 - 2. Let d be 1/(-3) + 13/3. Calculate y(d).
5
Let f(r) = -r**3 + 7*r**2 - r + 6. Suppose -4*z - 245 = -11*z. Let x = -28 + z. Calculate f(x).
-1
Let p(g) = 4*g - 2. Let i = 231 + -216. Suppose 4*a - 39 = a. Let l = a - i. Determine p(l).
-10
Let h(k) be the second derivative of -k**3/3 + 25*k**2/2 - 19*k + 2. What is h(14)?
-3
Let z(r) be the second derivative of r**4/12 + 4*r**3/3 + 3*r**2/2 - 7*r. What is z(-12)?
51
Let r be (2/3)/((-1)/(-9)). Let y(b) be the first derivative of -b**2/2 + b + 8. What is y(r)?
-5
Let g(w) = w**3 + 3*w**2 - 3*w - 3. Suppose 43 = -5*p + 5*c + 8, 4*p + 4*c - 4 = 0. Determine g(p).
6
Let b(o) = 2*o + 5. Suppose 8 = 2*v - j, -4*v + 4*j = j - 20. Suppose -v*u - u - 45 = 0. Let r = u + 10. What is b(r)?
-5
Let o(q) = 55 - 2*q + q - 54. Give o(5).
-4
Let p(s) = -s - 3. Let v = 433 - 234. Suppose v = y + 195. Determine p(y).
-7
Let h(t) = -7*t**3 - 5*t**2 + 14*t + 1. Let u(k) = k**3 + k**2 - 2*k + 1. Let b(g) = h(g) + 6*u(g). What is b(3)?
-5
Suppose -b + 2 = -3. Let y(d) = d**2 - 2*d - 1. Let m(w) = w**2 + 3*w - 3. Let u(r) = m(r) - 2*y(r). What is u(b)?
9
Let b = -357 - -357. Let u(w) = 3*w - 3. Let d be (3/(-2))/((-3)/4). Let m(h) = h - 1. Let t(x) = d*m(x) - u(x). Give t(b).
1
Let n(r) = 36 - 11*r - 3*r**2 - 68 + 37. Let j be n(-4). Let x(a) = -17*a + 1. Give x(j).
-16
Let y be (3 - 6)/(12/(-40)*2). Let o(t) = y + 6 + 24*t**2 - t**3 - 25*t**2. Give o(0).
11
Let z = 429 - 432. Let o(u) = 18*u - 4. Determine o(z).
-58
Suppose -4*x + 2*l + 13 = 17, -4*x - 2 = -3*l. Let v(t) = 6*t - 6. Let r(u) = u - 1. Let h(s) = -4*r(s) + v(s). Determine h(x).
-6
Let z(w) = -w**3 + 6*w**2 - 4*w - 1. Let u(p) = -52*p + 159. Let f be u(3). Calculate z(f).
14
Let m(z) = -2*z + 4*z**2 - z**3 - 2*z**3 + 2*z**3. Let o(v) = -20*v - 27*v + 17 + 52*v - v**2. Let l be o(7). What is m(l)?
3
Let p(r) = -r**2 - 6*r - 3. Let j be (4 - 0)*148/(-16). Let n = j - -16. Let f = 15 + n. Give p(f).
-3
Let v be 0 - -2 - (0 - 2). Suppose 0 = v*h - h + 18. Let y(j) = 18*j + 196. Let p(m) = -5*m - 56. Let t(q) = 7*p(q) + 2*y(q). What is t(h)?
-6
Let n(g) be the first derivative of g**3/3 - 8*g - 98. Determine n(3).
1
Let p = -3 + 8. Let l(i) = -i**3 - 5*i**2 - 3*i + p + 0 - 3 + 0*i**2. Suppose -c - 3*h - 12 = 4, 4*c - 2*h = -8. Give l(c).
-2
Let g(y) be the second derivative of y**5/10 - y**4/4 + 2*y**3/3 - 3*y**2/2 + 2*y - 184. Calculate g(2).
9
Let l(w) = 14 - 7*w + 0*w**2 - 7 + w**2. Let y(h) = h**2 - 6*h + 7. Let k(m) = -3*l(m) + 2*y(m). Let f = -10 + 16. Give k(f).
11
Let u(y) be the second derivative of y**5/10 - y**4/12 - y**3/